(-72 - -72 - (-2 - 8)).
-14
19 + 6 - (53 + 7 + -160)
125
What is the value of 24 - (16 + 19 + -15) - 113?
-109
Evaluate (-49 - (-58 + 31)) + -11.
-33
Calculate -3 - (28 + (45 - 18) + -13).
-45
What is 56 - (-31 - -53) - 9?
25
Evaluate 24 - (2 - 24 - (19 + -118)).
-53
What is 37 + 1 + -56 + 13?
-5
What is -4063 + 3968 - (0 - 29)?
-66
-8 + 21 + -8 + -9 + -12
-16
Evaluate 21 + -116 + 20 - (43 - 63).
-55
Evaluate -53 + 133 + -91 - (0 - -1).
-12
What is the value of -48 - (-49 - -14) - 38?
-51
What is (-6 - 44 - -45) + -10 + 3 + -6?
-18
Evaluate -11 + -13 - (1 + -3) - 13.
-35
Evaluate 273 + 119 + -403 - (10 + 2 + -4).
-19
1 + -21 + 0 + (12 - (12 - 0))
-20
(82 - 92 - (-1 - 31)) + -5
17
Calculate 1 + 0 - 17 - (-57 - -31 - -30).
-20
What is (3 - 0) + 1 - (10 - (30 + 15))?
39
What is 4 + 5 + -32 + (197 - 137)?
37
Calculate 14 + 54 - (-31 + 151).
-52
What is the value of -21 - 7 - (-350 + 257)?
65
What is the value of -103 + 100 + 56 + -143?
-90
-28 - (41 - 23 - 4)
-42
What is the value of 3 + -8 + ((-27 - -18) + 10 - 0)?
-4
What is -15 + -40 + 76 + (4 - -1)?
26
(33 - 58 - 10) + 70
35
(-44 - -61) + (-89 + 143 - (12 + -2))
61
What is 9 + -18 + -47 - (11 + 5)?
-72
What is 26 - ((12 - -2) + (-53 - -34) + 11 + 0)?
20
What is the value of (-107 - -85 - -17) + -2 + (-2 - -26)?
17
Evaluate 139 - (52 + -77 + 103).
61
Evaluate (-37 - 7) + -59 + 166 + -52.
11
What is 7 - (7 - ((-5 - 7) + 28 + -114))?
-98
Calculate -25 + (-38 - -8 - -29) + (-1 - -6).
-21
What is 10 + ((-4 - -21) + 10 - 34)?
3
What is (32 - 22) + 11 - 30 - 1?
-10
Evaluate 66 + -3 - (-611 - -698).
-24
Evaluate (132 - 57) + -34 - (0 - -13).
28
What is 22 - (11 - (-3 + -21 - -14))?
1
What is the value of -161 + 4 + 125 - -39?
7
Calculate 60 - 5 - (-3 + -11) - -2.
71
What is 17 + (-34 - -67) - 18?
32
Calculate (-7 + 5 - (25 + -70)) + (8 - (5 + -3)).
49
Calculate 24 - (13 + (6 - -34)) - 81.
-110
What is 1 + 43 + 27 + -74?
-3
What is -22 + 13 + 35 - (109 - 42)?
-41
What is 22 + 12 + -171 + 11 + (-20 - -1)?
-145
Evaluate -25 + 34 - (3 - ((24 - -2) + (21 - 17))).
36
What is -4 + (-12 - (-27 - -15))?
-4
Calculate -7 - (41 + (-9 - 27)) - -12.
0
What is the value of (-910 - -830) + 15 + 15?
-50
What is 11 - (139 - 140 - (-12 + 3 + -2))?
1
(-41 + 32 + 41 - (2 + 8)) + 2
24
What is -136 + (130 - 67) - (0 - -31)?
-104
Evaluate -1 + (1 - 52) + (-14 - (586 - 588)).
-64
What is 0 + (-3 - (8 - 5)) + (3 - -8) - 53?
-48
What is 12 - (-12 - ((-1 - 12) + (36 - 19) + -137))?
-109
What is (0 - 70) + (32 - (23 + -7 + 7))?
-61
Calculate (92 - (-15 + 10)) + 20 - (7 + 6 + -7).
111
Calculate (-116 - -94 - 79) + (-25 - 1).
-127
Evaluate (40 - 120) + 81 + (0 - (-1 - 1)) - -15.
18
What is (26 - 7 - 3) + -63 + 131?
84
Evaluate 49 + -72 - -18 - 0.
-5
Calculate -76 + -24 + -32 + 66.
-66
What is the value of -338 - -320 - (-3 + (-69 - 5))?
59
Calculate -23 - (-8 - ((-2 + -4 - -7 - 1) + -4)).
-19
61 + -60 + (-55 - -2) - (4 - 5 - -14)
-65
1 - ((23 - 0 - 6) + 21)
-37
What is the value of 32 + (-452 - -333) + (37 - 5)?
-55
Evaluate (-45 - -62) + -69 - -105.
53
What is (27 - (-15 - -20)) + -6 + -17?
-1
What is the value of (-9 - -21 - (-16 - (-21 + -3))) + -24?
-20
What is 11 + 17 + (51 - 105)?
-26
Evaluate -31 - -19 - 6 - -45 - (-2 - 1).
30
Calculate 0 + 8 - -31 - 7 - 18.
14
-13 + 2 - -1 - (73 + -58) - (-1 - -2)
-26
14 - ((51 - -35) + -27)
-45
What is 28 + (89 + 17 - 79)?
55
(-50 - 1 - (-75 + 9 - -52)) + -19
-56
What is the value of 98 - 2 - (-104 - -151)?
49
What is (12 - (-2 + 82 + -41)) + -43?
-70
What is (-74 - -55) + 60 + -41?
0
Evaluate 65 - ((0 - 12) + (-6 - -36 - 0)).
47
Calculate (18 - (14 + -13 - -31)) + 24.
10
Calculate (23 - 10) + 24 + (16 - 170).
-117
What is 238 + -252 - (-37 + 8)?
15
Evaluate (16 - 13 - 3) + -34 + 5 + (7 - 4).
-26
1774 - 1720 - (-1 - 4)
59
What is 102 - (102 - (39 - 24))?
15
Evaluate 27 - (31 - -13) - (9 + 92).
-118
What is -38 + (-36 - -105) + -18?
13
What is 14 + -53 + (-1 - -33)?
-7
(-152 + 66 - -40) + 41
-5
-1 + 20 + -120 + 229 + -155
-27
(10 + 2 - 31) + -3 + 26
4
Evaluate -1 - 39 - ((-28 + 45 - 7) + -8).
-42
What is -20 + (-7 - -5 - -51) + -52?
-23
Evaluate -1 + -13 - (-50 - -22) - -29.
43
Evaluate 0 + (-3 + 4 - -12) + (-79 - -40) + -60.
-86
What is (7 - (-6 - (-12 + -2))) + -3 + 32?
28
-4 + 0 - (-12 + (32 - (-11 + 32)))
-3
What is -6 - -90 - (-147 - -171) - (0 + 2)?
58
Calculate 20 + 0 + -11 - (-22 + 35) - -28.
24
What is 6 + -1 + 257 + -163 + -136?
-37
Evaluate -68 - ((64 - 47) + -17 - (-1 - (-4 + -5))).
-60
What is 31 + 13 - 53 - (-4 + 2 - -10)?
-17
-15 + 14 + -32 + (-2 + 7 - -6)
-22
Calculate (14 - 17 - 14) + (-10 - 28).
-55
What is the value of (19 - 13 - 2) + (-5 - -3)?
2
Calculate 43 + (-24 - -12) + 23.
54
Calculate 121 + -5 + (-99 - (-12 - 63)).
92
Calculate -2 - 8 - ((-1 - 0) + -634 + 623).
2
Calculate (4 - -50) + (-9 - (-3 + 10)) + 20.
58
-23 + (0 + -13 + 3 - 5)
-38
What is the value of -4 - (-3 - -4 - 1) - (79 + -192 + 141)?
-32
(-4 - (17 - 8) - -15) + (0 - 39 - -4)
-33
What is the value of (-2 + -4 + 4 - 14) + -32 + 83?
35
(96 - 33) + -19 + -3
41
Evaluate 1 - 53 - (3965 - 3986).
-31
(-20 - -54 - 19 - 4) + -37
-26
8 + -11 + -16 - (-28 + 26)
-17
Calculate 4 + -28 - (-39 + -25).
40
1 + -24 + -38 + 47 + 16
2
Evaluate -64 - (-34 + (-35 - (8 - 66))).
-53
161 - (65 + -221 - -300)
17
Evaluate 122 + 20 + 1 + (98 - 89 - 51).
101
What is -1147 + 1214 - (-6 + (2 - 31))?
102
Evaluate 56 + 2 + 12 + -42.
28
100 + (34 + -23 + -11 - (1 + 7))
92
Calculate 34 + (955 - 959 - (-2 + -2 + 1)).
33
2 - (1 + -29) - (935 + -880)
-25
What is -89 - -29 - (-208 + 164)?
-16
What is the value of 5 - (-27 + -7 - 31) - 2?
68
Evaluate 39 + (5 + -86 - 45).
-87
Calculate -10 + 5 + 67 + (-17 - 6) + -8.
31
(282 - 314) + 2 + 20 - (-1 - 50)
41
What is the value of -212 - -235 - ((66 - -6) + -2)?
-47
Calculate 56 + -103 + 10 - -114.
77
Calculate -1 - 10 - (-10 + (-46 - -45) + -27).
27
-10 + -9 + 30 + 15 + 1
27
What is the value of (4 - (81 - 17)) + (-12 - -35)?
-37
Calculate -23 + -51 + -26 + 127.
27
What is the value of -140 + (289 - (25 + 89))?
35
What is the value of (-1 - 0) + 28 + (-142 + -8 - -148)?
25
What is the value of 93 - (34 - (-46 - -36))?
49
Evaluate 49 - (23 - (51 + -70)).
7
1 - -12 - (1 + 2 - (-17 - (-80 - 41)))
114
What is the value of (28 - 9) + (-81 - -4)?
-58
(52 - (108 + -53)) + 0
-3
Evaluate -27 + 72 + 37 + 25.
107
Calculate 18 - ((117 - 24) + -4 + 2 + 0).
-73
Evaluate (-3 - -2 - -91) + (49 + 31 + -61 - 12).
97
Calculate (-1 - -1) + 11 + -17 + (8 - -82).
84
What is 7 - (-6 - 18 - -22 - (123 + (-9 - -1)))?
124
What is the value of (-285 - -329) + (1 - 4) + (4 - (-5 + -4))?
54
What is 0 + (0 - -53) - -4 - (-1525 + 1529)?
53
Calculate (51 - (-42 + 104)) + -35 + -4 - (-8 + -1).
-41
What is the value of (1 - (6 - -18)) + -37?
-60
Calculate 57 + (1 + 1 - (0 - (-29 - (29 + -44)))).
45
14 + 3 + 1 + (-14 - (-9 + -9)) + -17
5
What is the value of (-225 - -240) + 2 + 4 + -1 + -2?
18
Calculate -46 + 7 + 30 - -31 - (0 + 109).
-87
What is the value of (-7 - (-23 - -10)) + -12 - (-24 + -2)?
20
What is the value of -6 + (1 + (-2 - 50 - 3) + 8 - -7)?
-45
6 + -2 - (15 + (-16 - -4 - -4))
-3
(-68 - (-6 + 17)) + -1 + 33
-47
What is -2 - (3 - -11) - (-226 + 241) - -15?
-16
(-4 - (-4 + -3 + 4)) + (352 - 310)
41
Evaluate -83 + (26 - (6 - -38)) - -11.
-90
Calculate (-6 - 13) + -11 + 8 + 49.
27
What is the value of 56 + (-65 - -102 - 96)?
-3
Evaluate -25 - (1 - (4 - (-7 + -1) - -8)).
-6
What is the value of 8 + 27 + (-23 - (-13 + 17))?
8
What is -1 + -5 - ((1 - -11) + -32 + (67 - 33))?
-20
Evaluate 5 + -14 + (5 - (5 - 10)) + -9 + -27.
-35
Calculate (-4 - (8 - 8)) + 8 + 25.
29
What is (-4 + -44 + -3 + 2 - 6) + 11?
-44
(208 - (-112 + 204)) + 17 + 0
133
What is the value of -3 + -22 - (-4 - (4 - -6 - 7))?
-18
-64 - (-54 - (-60 - -103))
33
What is the value of -18 - 1 - ((-21 - -48 - -17) + 41)?
-104
-3 + -10 - -48 - (-1 - 16)
52
Evaluate (-2 - (13 - (-1 - -3))) + 3560 + -3464.
83
Calculate (-54 - (-38 + 6)) + (108 - 5).
81
-6 - (-19 - -29 - (1 - 10)) - (1 + 2)
-28
Calculate 12 + (17 - (-3 - -31)).
1
What is the value of (-38 - -38 - -13) + (-139 - -6) - (0 + 15)?
-135
What is the value of 1 - 5 - (23 + -36 - (80 - 125))?
-36
Calculate -1 - 8 - (-190 + 171 + -8 + (3 - -1)).
14
What is the value of -14 - -1 - (-51 - (-55 - -3)) - (-17